{"id":2202,"date":"2024-11-04T20:23:14","date_gmt":"2024-11-05T01:23:14","guid":{"rendered":"https:\/\/megamercancias.com.co\/juguetes\/?post_type=product&#038;p=2202"},"modified":"2024-11-04T20:36:35","modified_gmt":"2024-11-05T01:36:35","slug":"mini-jet","status":"publish","type":"product","link":"https:\/\/megamercancias.com.co\/juguetes\/producto\/mini-jet\/","title":{"rendered":"Mini Jet Todoterreno Control Remoto"},"content":{"rendered":"<div><strong><span data-spm-anchor-id=\"a2g0o.detail.1000023.i2.36b9Qrf7Qrf7QI\">Caracter\u00edsticas:<\/span><\/strong><\/div>\n<div>\n<div><span data-spm-anchor-id=\"a2g0o.detail.1000023.i1.36b9Qrf7Qrf7QI\">Sistema de control remoto digital de 2,4 GHZ, compatible con multijugador en paralelo.<\/span><\/div>\n<div>Puede celebrar una competici\u00f3n con sus amigos o sus hijos en cualquier momento que desee.<\/div>\n<div>Con solo 30 minutos de carga, te dar\u00e1n unos 11 minutos de tiempo incre\u00edble.<\/div>\n<div><span data-spm-anchor-id=\"a2g0o.detail.1000023.i0.36b9Qrf7Qrf7QI\">Los controles de funci\u00f3n completa permiten que el veh\u00edculo avance y retroceda, gire a la izquierda y a la derecha.<\/span><\/div>\n<div>Coche de carreras ultra mini 1\/43, extremadamente port\u00e1til. Velocidad m\u00e1xima de 20 km\/h.<\/div>\n<div><\/div>\n<div><strong>Descripciones:<\/strong><\/div>\n<div>Resistente al impacto de ca\u00eddas desde 20m de altura por su fuerte estructura.<\/div>\n<div>Dise\u00f1ado con motor fuerte para una direcci\u00f3n de precisi\u00f3n y una potencia extrema incluso cuando lo lleva fuera de la carretera.<\/div>\n<div>Adecuado para control interior y exterior.<\/div>\n<\/div>\n","protected":false},"excerpt":{"rendered":"<p>\ud83d\ude97\ud83d\udca8 <strong>\u00a1Descubre el Mini Jet Todoterreno a Control Remoto!<\/strong> \ud83d\ude97\ud83d\udca8<\/p>\n<p>\ud83d\udca5 \u00a1M\u00e1s que un juguete, una experiencia de pura adrenalina y diversi\u00f3n! \u26a1<\/p>\n<p>\ud83d\udd39 <strong>Caracter\u00edsticas Geniales<\/strong>:<br \/>\n\u2728 <strong>Todoterreno<\/strong> \u2013 \u00a1Los controles de funci\u00f3n completa permiten que el veh\u00edculo avance y retroceda, gire a la izquierda y a la derecha.!<br \/>\n\ud83d\udca7 <strong>Control Remoto<\/strong> \u2013 \u00a1Sistema de control remoto digital de 2,4 GHZ, compatible con multijugador en paralelo.!<br \/>\n\ud83c\udfb6 <strong>Sonidos<\/strong> <strong>Off Road<\/strong>\u2013 \u00a1Para una experiencia a\u00fan m\u00e1s divertida!<br \/>\n\ud83d\udcd0 <strong>Sube y baja hasta 45\u00b0<\/strong> \u2013 \u00a1Perfecto para todo tipo de terrenos!<br \/>\n\ud83c\udfae <strong>Control remoto 2.4G<\/strong> \u2013 Despl\u00e1zate en cualquier direcci\u00f3n con precisi\u00f3n.<\/p>\n<p>\ud83d\ude80 <strong>Material de Alta Calidad<\/strong> \u2013 Resiste golpes, ca\u00eddas y cualquier acrobacia.<\/p>\n<p>\ud83d\udce6 <strong>Ideal para ni\u00f1os aventureros<\/strong> y amantes de los Todoterrenos \ud83d\ude80 \u00a1Haz que la diversi\u00f3n sea extrema!<\/p>\n<p>\ud83c\udf10 <strong>Env\u00edo a todo el pa\u00eds<\/strong> \u2013 \u00a1Tu pr\u00f3ximo juguete favorito est\u00e1 solo a un pedido de distancia! \ud83d\udc47<\/p>\n<p>\ud83d\udce6 <strong>Env\u00edo GRATIS<\/strong> y <strong>pago contra entrega<\/strong> a las principales ciudades del pa\u00eds.<\/p>\n","protected":false},"featured_media":2209,"template":"","meta":{"_uag_custom_page_level_css":"","site-sidebar-layout":"default","site-content-layout":"","ast-site-content-layout":"default","site-content-style":"default","site-sidebar-style":"default","ast-global-header-display":"","ast-banner-title-visibility":"","ast-main-header-display":"","ast-hfb-above-header-display":"","ast-hfb-below-header-display":"","ast-hfb-mobile-header-display":"","site-post-title":"","ast-breadcrumbs-content":"","ast-featured-img":"","footer-sml-layout":"","theme-transparent-header-meta":"default","adv-header-id-meta":"","stick-header-meta":"default","header-above-stick-meta":"","header-main-stick-meta":"","header-below-stick-meta":"","astra-migrate-meta-layouts":"set","ast-page-background-enabled":"default","ast-page-background-meta":{"desktop":{"background-color":"var(--ast-global-color-4)","background-image":"","background-repeat":"repeat","background-position":"center center","background-size":"auto","background-attachment":"scroll","background-type":"","background-media":"","overlay-type":"","overlay-color":"","overlay-opacity":"","overlay-gradient":""},"tablet":{"background-color":"","background-image":"","background-repeat":"repeat","background-position":"center center","background-size":"auto","background-attachment":"scroll","background-type":"","background-media":"","overlay-type":"","overlay-color":"","overlay-opacity":"","overlay-gradient":""},"mobile":{"background-color":"","background-image":"","background-repeat":"repeat","background-position":"center center","background-size":"auto","background-attachment":"scroll","background-type":"","background-media":"","overlay-type":"","overlay-color":"","overlay-opacity":"","overlay-gradient":""}},"ast-content-background-meta":{"desktop":{"background-color":"var(--ast-global-color-5)","background-image":"","background-repeat":"repeat","background-position":"center center","background-size":"auto","background-attachment":"scroll","background-type":"","background-media":"","overlay-type":"","overlay-color":"","overlay-opacity":"","overlay-gradient":""},"tablet":{"background-color":"var(--ast-global-color-5)","background-image":"","background-repeat":"repeat","background-position":"center center","background-size":"auto","background-attachment":"scroll","background-type":"","background-media":"","overlay-type":"","overlay-color":"","overlay-opacity":"","overlay-gradient":""},"mobile":{"background-color":"var(--ast-global-color-5)","background-image":"","background-repeat":"repeat","background-position":"center center","background-size":"auto","background-attachment":"scroll","background-type":"","background-media":"","overlay-type":"","overlay-color":"","overlay-opacity":"","overlay-gradient":""}},"_joinchat":[]},"product_brand":[],"product_cat":[43,41,42,21,60],"product_tag":[141,140,142],"class_list":{"0":"post-2202","1":"product","2":"type-product","3":"status-publish","4":"has-post-thumbnail","6":"product_cat-ninos-mayores-de-13-anos","7":"product_cat-ninos-entre-los-6-y-8-anos","8":"product_cat-edades-entre-los-9-y-12","9":"product_cat-juguetes-de-bateria","10":"product_cat-juguetes-de-ninos","11":"product_tag-jet-control-remoto","12":"product_tag-jet-todoterreno","13":"product_tag-mini-autos","14":"desktop-align-left","15":"tablet-align-left","16":"mobile-align-center","17":"ast-product-gallery-layout-horizontal-slider","18":"ast-product-tabs-layout-horizontal","20":"first","21":"instock","22":"sale","23":"taxable","24":"shipping-taxable","25":"purchasable","26":"product-type-simple"},"yoast_head":"<!-- This site is optimized with the Yoast SEO plugin v27.3 - https:\/\/yoast.com\/product\/yoast-seo-wordpress\/ -->\n<title>Mini Jet Todoterreno Control Remoto -<\/title>\n<meta name=\"description\" content=\"\ud83d\ude97\ud83d\udca8 \u00a1Descubre el Mini Jet Todoterreno a Control Remoto! \ud83d\ude97\ud83d\udca8\ud83d\udca5 \u00a1M\u00e1s que un juguete, una experiencia de pura adrenalina y diversi\u00f3n! \u26a1\" \/>\n<meta name=\"robots\" content=\"index, follow, max-snippet:-1, max-image-preview:large, max-video-preview:-1\" \/>\n<link rel=\"canonical\" href=\"https:\/\/megamercancias.com.co\/juguetes\/producto\/mini-jet\/\" \/>\n<meta property=\"og:locale\" content=\"es_ES\" \/>\n<meta property=\"og:type\" content=\"article\" \/>\n<meta property=\"og:title\" content=\"Mini Jet Todoterreno Control Remoto -\" \/>\n<meta property=\"og:description\" content=\"\ud83d\ude97\ud83d\udca8 \u00a1Descubre el Mini Jet Todoterreno a Control Remoto! \ud83d\ude97\ud83d\udca8\ud83d\udca5 \u00a1M\u00e1s que un juguete, una experiencia de pura adrenalina y diversi\u00f3n! \u26a1\" \/>\n<meta property=\"og:url\" content=\"https:\/\/megamercancias.com.co\/juguetes\/producto\/mini-jet\/\" \/>\n<meta property=\"article:publisher\" content=\"https:\/\/www.facebook.com\/Megamercancias.com.co\/\" \/>\n<meta property=\"article:modified_time\" content=\"2024-11-05T01:36:35+00:00\" \/>\n<meta property=\"og:image\" content=\"https:\/\/megamercancias.com.co\/juguetes\/wp-content\/uploads\/2024\/11\/JET-ASCESORIOS-1.webp\" \/>\n\t<meta property=\"og:image:width\" content=\"800\" \/>\n\t<meta property=\"og:image:height\" content=\"800\" \/>\n\t<meta property=\"og:image:type\" content=\"image\/webp\" \/>\n<meta name=\"twitter:card\" content=\"summary_large_image\" \/>\n<meta name=\"twitter:label1\" content=\"Tiempo de lectura\" \/>\n\t<meta name=\"twitter:data1\" content=\"1 minuto\" \/>\n<script type=\"application\/ld+json\" class=\"yoast-schema-graph\">{\"@context\":\"https:\\\/\\\/schema.org\",\"@graph\":[{\"@type\":\"WebPage\",\"@id\":\"https:\\\/\\\/megamercancias.com.co\\\/juguetes\\\/producto\\\/mini-jet\\\/\",\"url\":\"https:\\\/\\\/megamercancias.com.co\\\/juguetes\\\/producto\\\/mini-jet\\\/\",\"name\":\"Mini Jet Todoterreno Control Remoto -\",\"isPartOf\":{\"@id\":\"https:\\\/\\\/megamercancias.com.co\\\/juguetes\\\/#website\"},\"primaryImageOfPage\":{\"@id\":\"https:\\\/\\\/megamercancias.com.co\\\/juguetes\\\/producto\\\/mini-jet\\\/#primaryimage\"},\"image\":{\"@id\":\"https:\\\/\\\/megamercancias.com.co\\\/juguetes\\\/producto\\\/mini-jet\\\/#primaryimage\"},\"thumbnailUrl\":\"https:\\\/\\\/megamercancias.com.co\\\/juguetes\\\/wp-content\\\/uploads\\\/2024\\\/11\\\/JET-ASCESORIOS-1.webp\",\"datePublished\":\"2024-11-05T01:23:14+00:00\",\"dateModified\":\"2024-11-05T01:36:35+00:00\",\"description\":\"\ud83d\ude97\ud83d\udca8 \u00a1Descubre el Mini Jet Todoterreno a Control Remoto! \ud83d\ude97\ud83d\udca8\ud83d\udca5 \u00a1M\u00e1s que un juguete, una experiencia de pura adrenalina y diversi\u00f3n! \u26a1\",\"breadcrumb\":{\"@id\":\"https:\\\/\\\/megamercancias.com.co\\\/juguetes\\\/producto\\\/mini-jet\\\/#breadcrumb\"},\"inLanguage\":\"es\",\"potentialAction\":[{\"@type\":\"ReadAction\",\"target\":[\"https:\\\/\\\/megamercancias.com.co\\\/juguetes\\\/producto\\\/mini-jet\\\/\"]}]},{\"@type\":\"ImageObject\",\"inLanguage\":\"es\",\"@id\":\"https:\\\/\\\/megamercancias.com.co\\\/juguetes\\\/producto\\\/mini-jet\\\/#primaryimage\",\"url\":\"https:\\\/\\\/megamercancias.com.co\\\/juguetes\\\/wp-content\\\/uploads\\\/2024\\\/11\\\/JET-ASCESORIOS-1.webp\",\"contentUrl\":\"https:\\\/\\\/megamercancias.com.co\\\/juguetes\\\/wp-content\\\/uploads\\\/2024\\\/11\\\/JET-ASCESORIOS-1.webp\",\"width\":800,\"height\":800},{\"@type\":\"BreadcrumbList\",\"@id\":\"https:\\\/\\\/megamercancias.com.co\\\/juguetes\\\/producto\\\/mini-jet\\\/#breadcrumb\",\"itemListElement\":[{\"@type\":\"ListItem\",\"position\":1,\"name\":\"Portada\",\"item\":\"https:\\\/\\\/megamercancias.com.co\\\/juguetes\\\/\"},{\"@type\":\"ListItem\",\"position\":2,\"name\":\"Tienda\",\"item\":\"https:\\\/\\\/megamercancias.com.co\\\/juguetes\\\/shop\\\/\"},{\"@type\":\"ListItem\",\"position\":3,\"name\":\"Mini Jet Todoterreno Control Remoto\"}]},{\"@type\":\"WebSite\",\"@id\":\"https:\\\/\\\/megamercancias.com.co\\\/juguetes\\\/#website\",\"url\":\"https:\\\/\\\/megamercancias.com.co\\\/juguetes\\\/\",\"name\":\"Juguetes Felices\",\"description\":\"Jugueter\u00eda\",\"publisher\":{\"@id\":\"https:\\\/\\\/megamercancias.com.co\\\/juguetes\\\/#organization\"},\"potentialAction\":[{\"@type\":\"SearchAction\",\"target\":{\"@type\":\"EntryPoint\",\"urlTemplate\":\"https:\\\/\\\/megamercancias.com.co\\\/juguetes\\\/?s={search_term_string}\"},\"query-input\":{\"@type\":\"PropertyValueSpecification\",\"valueRequired\":true,\"valueName\":\"search_term_string\"}}],\"inLanguage\":\"es\"},{\"@type\":\"Organization\",\"@id\":\"https:\\\/\\\/megamercancias.com.co\\\/juguetes\\\/#organization\",\"name\":\"Megamercancias\",\"url\":\"https:\\\/\\\/megamercancias.com.co\\\/juguetes\\\/\",\"logo\":{\"@type\":\"ImageObject\",\"inLanguage\":\"es\",\"@id\":\"https:\\\/\\\/megamercancias.com.co\\\/juguetes\\\/#\\\/schema\\\/logo\\\/image\\\/\",\"url\":\"https:\\\/\\\/megamercancias.com.co\\\/juguetes\\\/wp-content\\\/uploads\\\/2023\\\/10\\\/Logo-Final.webp\",\"contentUrl\":\"https:\\\/\\\/megamercancias.com.co\\\/juguetes\\\/wp-content\\\/uploads\\\/2023\\\/10\\\/Logo-Final.webp\",\"width\":510,\"height\":250,\"caption\":\"Megamercancias\"},\"image\":{\"@id\":\"https:\\\/\\\/megamercancias.com.co\\\/juguetes\\\/#\\\/schema\\\/logo\\\/image\\\/\"},\"sameAs\":[\"https:\\\/\\\/www.facebook.com\\\/Megamercancias.com.co\\\/\",\"https:\\\/\\\/www.instagram.com\\\/naidu_megamercancias\\\/\"]}]}<\/script>\n<!-- \/ Yoast SEO plugin. -->","yoast_head_json":{"title":"Mini Jet Todoterreno Control Remoto -","description":"\ud83d\ude97\ud83d\udca8 \u00a1Descubre el Mini Jet Todoterreno a Control Remoto! \ud83d\ude97\ud83d\udca8\ud83d\udca5 \u00a1M\u00e1s que un juguete, una experiencia de pura adrenalina y diversi\u00f3n! \u26a1","robots":{"index":"index","follow":"follow","max-snippet":"max-snippet:-1","max-image-preview":"max-image-preview:large","max-video-preview":"max-video-preview:-1"},"canonical":"https:\/\/megamercancias.com.co\/juguetes\/producto\/mini-jet\/","og_locale":"es_ES","og_type":"article","og_title":"Mini Jet Todoterreno Control Remoto -","og_description":"\ud83d\ude97\ud83d\udca8 \u00a1Descubre el Mini Jet Todoterreno a Control Remoto! \ud83d\ude97\ud83d\udca8\ud83d\udca5 \u00a1M\u00e1s que un juguete, una experiencia de pura adrenalina y diversi\u00f3n! \u26a1","og_url":"https:\/\/megamercancias.com.co\/juguetes\/producto\/mini-jet\/","article_publisher":"https:\/\/www.facebook.com\/Megamercancias.com.co\/","article_modified_time":"2024-11-05T01:36:35+00:00","og_image":[{"width":800,"height":800,"url":"https:\/\/megamercancias.com.co\/juguetes\/wp-content\/uploads\/2024\/11\/JET-ASCESORIOS-1.webp","type":"image\/webp"}],"twitter_card":"summary_large_image","twitter_misc":{"Tiempo de lectura":"1 minuto"},"schema":{"@context":"https:\/\/schema.org","@graph":[{"@type":"WebPage","@id":"https:\/\/megamercancias.com.co\/juguetes\/producto\/mini-jet\/","url":"https:\/\/megamercancias.com.co\/juguetes\/producto\/mini-jet\/","name":"Mini Jet Todoterreno Control Remoto -","isPartOf":{"@id":"https:\/\/megamercancias.com.co\/juguetes\/#website"},"primaryImageOfPage":{"@id":"https:\/\/megamercancias.com.co\/juguetes\/producto\/mini-jet\/#primaryimage"},"image":{"@id":"https:\/\/megamercancias.com.co\/juguetes\/producto\/mini-jet\/#primaryimage"},"thumbnailUrl":"https:\/\/megamercancias.com.co\/juguetes\/wp-content\/uploads\/2024\/11\/JET-ASCESORIOS-1.webp","datePublished":"2024-11-05T01:23:14+00:00","dateModified":"2024-11-05T01:36:35+00:00","description":"\ud83d\ude97\ud83d\udca8 \u00a1Descubre el Mini Jet Todoterreno a Control Remoto! \ud83d\ude97\ud83d\udca8\ud83d\udca5 \u00a1M\u00e1s que un juguete, una experiencia de pura adrenalina y diversi\u00f3n! \u26a1","breadcrumb":{"@id":"https:\/\/megamercancias.com.co\/juguetes\/producto\/mini-jet\/#breadcrumb"},"inLanguage":"es","potentialAction":[{"@type":"ReadAction","target":["https:\/\/megamercancias.com.co\/juguetes\/producto\/mini-jet\/"]}]},{"@type":"ImageObject","inLanguage":"es","@id":"https:\/\/megamercancias.com.co\/juguetes\/producto\/mini-jet\/#primaryimage","url":"https:\/\/megamercancias.com.co\/juguetes\/wp-content\/uploads\/2024\/11\/JET-ASCESORIOS-1.webp","contentUrl":"https:\/\/megamercancias.com.co\/juguetes\/wp-content\/uploads\/2024\/11\/JET-ASCESORIOS-1.webp","width":800,"height":800},{"@type":"BreadcrumbList","@id":"https:\/\/megamercancias.com.co\/juguetes\/producto\/mini-jet\/#breadcrumb","itemListElement":[{"@type":"ListItem","position":1,"name":"Portada","item":"https:\/\/megamercancias.com.co\/juguetes\/"},{"@type":"ListItem","position":2,"name":"Tienda","item":"https:\/\/megamercancias.com.co\/juguetes\/shop\/"},{"@type":"ListItem","position":3,"name":"Mini Jet Todoterreno Control Remoto"}]},{"@type":"WebSite","@id":"https:\/\/megamercancias.com.co\/juguetes\/#website","url":"https:\/\/megamercancias.com.co\/juguetes\/","name":"Juguetes Felices","description":"Jugueter\u00eda","publisher":{"@id":"https:\/\/megamercancias.com.co\/juguetes\/#organization"},"potentialAction":[{"@type":"SearchAction","target":{"@type":"EntryPoint","urlTemplate":"https:\/\/megamercancias.com.co\/juguetes\/?s={search_term_string}"},"query-input":{"@type":"PropertyValueSpecification","valueRequired":true,"valueName":"search_term_string"}}],"inLanguage":"es"},{"@type":"Organization","@id":"https:\/\/megamercancias.com.co\/juguetes\/#organization","name":"Megamercancias","url":"https:\/\/megamercancias.com.co\/juguetes\/","logo":{"@type":"ImageObject","inLanguage":"es","@id":"https:\/\/megamercancias.com.co\/juguetes\/#\/schema\/logo\/image\/","url":"https:\/\/megamercancias.com.co\/juguetes\/wp-content\/uploads\/2023\/10\/Logo-Final.webp","contentUrl":"https:\/\/megamercancias.com.co\/juguetes\/wp-content\/uploads\/2023\/10\/Logo-Final.webp","width":510,"height":250,"caption":"Megamercancias"},"image":{"@id":"https:\/\/megamercancias.com.co\/juguetes\/#\/schema\/logo\/image\/"},"sameAs":["https:\/\/www.facebook.com\/Megamercancias.com.co\/","https:\/\/www.instagram.com\/naidu_megamercancias\/"]}]}},"uagb_featured_image_src":{"full":["https:\/\/megamercancias.com.co\/juguetes\/wp-content\/uploads\/2024\/11\/JET-ASCESORIOS-1.webp",800,800,false],"thumbnail":["https:\/\/megamercancias.com.co\/juguetes\/wp-content\/uploads\/2024\/11\/JET-ASCESORIOS-1-150x150.webp",150,150,true],"medium":["https:\/\/megamercancias.com.co\/juguetes\/wp-content\/uploads\/2024\/11\/JET-ASCESORIOS-1-300x300.webp",300,300,true],"medium_large":["https:\/\/megamercancias.com.co\/juguetes\/wp-content\/uploads\/2024\/11\/JET-ASCESORIOS-1-768x768.webp",768,768,true],"large":["https:\/\/megamercancias.com.co\/juguetes\/wp-content\/uploads\/2024\/11\/JET-ASCESORIOS-1.webp",800,800,false],"1536x1536":["https:\/\/megamercancias.com.co\/juguetes\/wp-content\/uploads\/2024\/11\/JET-ASCESORIOS-1.webp",800,800,false],"2048x2048":["https:\/\/megamercancias.com.co\/juguetes\/wp-content\/uploads\/2024\/11\/JET-ASCESORIOS-1.webp",800,800,false],"widget-thumbnail":["https:\/\/megamercancias.com.co\/juguetes\/wp-content\/uploads\/2024\/11\/JET-ASCESORIOS-1-75x75.webp",75,75,true],"woocommerce_thumbnail":["https:\/\/megamercancias.com.co\/juguetes\/wp-content\/uploads\/2024\/11\/JET-ASCESORIOS-1-300x300.webp",300,300,true],"woocommerce_single":["https:\/\/megamercancias.com.co\/juguetes\/wp-content\/uploads\/2024\/11\/JET-ASCESORIOS-1-600x600.webp",600,600,true],"woocommerce_gallery_thumbnail":["https:\/\/megamercancias.com.co\/juguetes\/wp-content\/uploads\/2024\/11\/JET-ASCESORIOS-1-100x100.webp",100,100,true],"dgwt-wcas-product-suggestion":["https:\/\/megamercancias.com.co\/juguetes\/wp-content\/uploads\/2024\/11\/JET-ASCESORIOS-1-64x64.webp",64,64,true]},"uagb_author_info":{"display_name":"Megamercanc\u00edas","author_link":"https:\/\/megamercancias.com.co\/juguetes\/author\/"},"uagb_comment_info":0,"uagb_excerpt":"\ud83d\ude97\ud83d\udca8 \u00a1Descubre el Mini Jet Todoterreno a Control Remoto! \ud83d\ude97\ud83d\udca8 \ud83d\udca5 \u00a1M\u00e1s que un juguete, una experiencia de pura adrenalina y diversi\u00f3n! \u26a1 \ud83d\udd39 Caracter\u00edsticas Geniales: \u2728 Todoterreno \u2013 \u00a1Los controles de funci\u00f3n completa permiten que el veh\u00edculo avance y retroceda, gire a la izquierda y a la derecha.! \ud83d\udca7 Control Remoto \u2013 \u00a1Sistema de&hellip;","_links":{"self":[{"href":"https:\/\/megamercancias.com.co\/juguetes\/wp-json\/wp\/v2\/product\/2202","targetHints":{"allow":["GET"]}}],"collection":[{"href":"https:\/\/megamercancias.com.co\/juguetes\/wp-json\/wp\/v2\/product"}],"about":[{"href":"https:\/\/megamercancias.com.co\/juguetes\/wp-json\/wp\/v2\/types\/product"}],"wp:featuredmedia":[{"embeddable":true,"href":"https:\/\/megamercancias.com.co\/juguetes\/wp-json\/wp\/v2\/media\/2209"}],"wp:attachment":[{"href":"https:\/\/megamercancias.com.co\/juguetes\/wp-json\/wp\/v2\/media?parent=2202"}],"wp:term":[{"taxonomy":"product_brand","embeddable":true,"href":"https:\/\/megamercancias.com.co\/juguetes\/wp-json\/wp\/v2\/product_brand?post=2202"},{"taxonomy":"product_cat","embeddable":true,"href":"https:\/\/megamercancias.com.co\/juguetes\/wp-json\/wp\/v2\/product_cat?post=2202"},{"taxonomy":"product_tag","embeddable":true,"href":"https:\/\/megamercancias.com.co\/juguetes\/wp-json\/wp\/v2\/product_tag?post=2202"}],"curies":[{"name":"wp","href":"https:\/\/api.w.org\/{rel}","templated":true}]}}