{"id":1777,"date":"2023-12-12T02:12:09","date_gmt":"2023-12-12T07:12:09","guid":{"rendered":"https:\/\/megamercancias.com.co\/juguetes\/?post_type=product&#038;p=1777"},"modified":"2024-12-02T20:33:56","modified_gmt":"2024-12-03T01:33:56","slug":"bebes-llorones-pataletas","status":"publish","type":"product","link":"https:\/\/megamercancias.com.co\/juguetes\/producto\/bebes-llorones-pataletas\/","title":{"rendered":"Bebes Llorones, Caminan y Hacen Pataletas"},"content":{"rendered":"<p>\ud83d\udc55 Adem\u00e1s, cada uno viene con su modelo de pijama para que pueda personalizar su estilo. \u00a1Cambia sus atuendos y vive aventuras incre\u00edbles con tus nuevos compa\u00f1eros de juego! \ud83c\udf1f\ud83d\udc57<\/p>\n<p>\ud83c\udf81 \u00a1Regala momentos m\u00e1gicos y crea recuerdos inolvidables con los Mu\u00f1ecos Llorones! Haz tu pedido ahora y lleva la diversi\u00f3n a casa. \ud83d\udc96\u2728<\/p>\n","protected":false},"excerpt":{"rendered":"<p>\u00a1Descubre la magia de la ternura con nuestros incre\u00edbles Mu\u00f1ecos Llorones! \ud83d\udc76\u2728<\/p>\n<p>\ud83c\udf08 \u00a1Divi\u00e9rtete con la emocionante experiencia de cuidar a tus nuevos amiguitos que lloran y hacen pataletas cuando les quitas el chupo!<\/p>\n<p>Pero no te preocupes, basta con ponerles de nuevo el chupo y se calmar\u00e1n al instante. \u00a1Una experiencia realista y llena de amor! \ud83d\ude22\ud83d\udc96<\/p>\n<p>\ud83d\udeb6\u200d\u2642\ufe0f \u00bfQuieres verlos caminar y escucharlos cantar? \u00a1Presiona su pie y disfruta de momentos llenos de diversi\u00f3n y risas con estos adorables Mu\u00f1ecos Llorones! \ud83d\udd7a\ud83c\udfb6<\/p>\n<p>\ud83d\udcb3 \u00a1Compra ahora y paga al recibir tus Mu\u00f1ecos Llorones! Ofrecemos pago contra entrega para tu comodidad y env\u00edo gratis a las principales ciudades del pa\u00eds. \u00a1No te pierdas la oportunidad de hacer felices a tus peque\u00f1os! \ud83d\ude9a\ud83c\udf81<\/p>\n<p>\ud83c\udf81 \u00a1Regala momentos m\u00e1gicos y crea recuerdos inolvidables con los Mu\u00f1ecos Llorones! Haz tu pedido ahora y lleva la diversi\u00f3n a casa. \ud83d\udc96\u2728<\/p>\n","protected":false},"featured_media":2016,"template":"","meta":{"_uag_custom_page_level_css":"","site-sidebar-layout":"default","site-content-layout":"","ast-site-content-layout":"default","site-content-style":"default","site-sidebar-style":"default","ast-global-header-display":"","ast-banner-title-visibility":"","ast-main-header-display":"","ast-hfb-above-header-display":"","ast-hfb-below-header-display":"","ast-hfb-mobile-header-display":"","site-post-title":"","ast-breadcrumbs-content":"","ast-featured-img":"","footer-sml-layout":"","theme-transparent-header-meta":"default","adv-header-id-meta":"","stick-header-meta":"default","header-above-stick-meta":"","header-main-stick-meta":"","header-below-stick-meta":"","astra-migrate-meta-layouts":"set","ast-page-background-enabled":"default","ast-page-background-meta":{"desktop":{"background-color":"var(--ast-global-color-4)","background-image":"","background-repeat":"repeat","background-position":"center center","background-size":"auto","background-attachment":"scroll","background-type":"","background-media":"","overlay-type":"","overlay-color":"","overlay-opacity":"","overlay-gradient":""},"tablet":{"background-color":"","background-image":"","background-repeat":"repeat","background-position":"center center","background-size":"auto","background-attachment":"scroll","background-type":"","background-media":"","overlay-type":"","overlay-color":"","overlay-opacity":"","overlay-gradient":""},"mobile":{"background-color":"","background-image":"","background-repeat":"repeat","background-position":"center center","background-size":"auto","background-attachment":"scroll","background-type":"","background-media":"","overlay-type":"","overlay-color":"","overlay-opacity":"","overlay-gradient":""}},"ast-content-background-meta":{"desktop":{"background-color":"var(--ast-global-color-5)","background-image":"","background-repeat":"repeat","background-position":"center center","background-size":"auto","background-attachment":"scroll","background-type":"","background-media":"","overlay-type":"","overlay-color":"","overlay-opacity":"","overlay-gradient":""},"tablet":{"background-color":"var(--ast-global-color-5)","background-image":"","background-repeat":"repeat","background-position":"center center","background-size":"auto","background-attachment":"scroll","background-type":"","background-media":"","overlay-type":"","overlay-color":"","overlay-opacity":"","overlay-gradient":""},"mobile":{"background-color":"var(--ast-global-color-5)","background-image":"","background-repeat":"repeat","background-position":"center center","background-size":"auto","background-attachment":"scroll","background-type":"","background-media":"","overlay-type":"","overlay-color":"","overlay-opacity":"","overlay-gradient":""}},"_joinchat":[]},"product_brand":[],"product_cat":[39,40,41,42,62,21,61,44],"product_tag":[50,115],"class_list":{"0":"post-1777","1":"product","2":"type-product","3":"status-publish","4":"has-post-thumbnail","6":"product_cat-juguetes-para-ninos-de-0-a-2-anos","7":"product_cat-ninos-con-3-5-anos","8":"product_cat-ninos-entre-los-6-y-8-anos","9":"product_cat-edades-entre-los-9-y-12","10":"product_cat-bebes","11":"product_cat-juguetes-de-bateria","12":"product_cat-juguetes-de-ninas","13":"product_cat-munecas","14":"product_tag-bebes-llorones","15":"product_tag-muneco-lloron","16":"desktop-align-left","17":"tablet-align-left","18":"mobile-align-center","19":"ast-product-gallery-layout-horizontal-slider","20":"ast-product-tabs-layout-horizontal","22":"first","23":"instock","24":"sale","25":"featured","26":"purchasable","27":"product-type-simple"},"yoast_head":"<!-- This site is optimized with the Yoast SEO plugin v27.3 - https:\/\/yoast.com\/product\/yoast-seo-wordpress\/ -->\n<title>Bebes Llorones, Caminan y Hacen Pataletas -<\/title>\n<meta name=\"description\" content=\"\ud83c\udf08 \u00a1Divi\u00e9rtete con la emocionante experiencia de cuidar a los bebes llorones que lloran y hacen pataletas cuando les quitas el chupo!\" \/>\n<meta name=\"robots\" content=\"index, follow, max-snippet:-1, max-image-preview:large, max-video-preview:-1\" \/>\n<link rel=\"canonical\" href=\"https:\/\/megamercancias.com.co\/juguetes\/producto\/bebes-llorones-pataletas\/\" \/>\n<meta property=\"og:locale\" content=\"es_ES\" \/>\n<meta property=\"og:type\" content=\"article\" \/>\n<meta property=\"og:title\" content=\"Bebes Llorones, Caminan y Hacen Pataletas -\" \/>\n<meta property=\"og:description\" content=\"\ud83c\udf08 \u00a1Divi\u00e9rtete con la emocionante experiencia de cuidar a los bebes llorones que lloran y hacen pataletas cuando les quitas el chupo!\" \/>\n<meta property=\"og:url\" content=\"https:\/\/megamercancias.com.co\/juguetes\/producto\/bebes-llorones-pataletas\/\" \/>\n<meta property=\"article:publisher\" content=\"https:\/\/www.facebook.com\/Megamercancias.com.co\/\" \/>\n<meta property=\"article:modified_time\" content=\"2024-12-03T01:33:56+00:00\" \/>\n<meta property=\"og:image\" content=\"https:\/\/megamercancias.com.co\/juguetes\/wp-content\/uploads\/2023\/12\/Nina_bebe-pataletas3.webp\" \/>\n\t<meta property=\"og:image:width\" content=\"685\" \/>\n\t<meta property=\"og:image:height\" content=\"613\" \/>\n\t<meta property=\"og:image:type\" content=\"image\/webp\" \/>\n<meta name=\"twitter:card\" content=\"summary_large_image\" \/>\n<meta name=\"twitter:label1\" content=\"Tiempo de lectura\" \/>\n\t<meta name=\"twitter:data1\" content=\"1 minuto\" \/>\n<script type=\"application\/ld+json\" class=\"yoast-schema-graph\">{\"@context\":\"https:\\\/\\\/schema.org\",\"@graph\":[{\"@type\":\"WebPage\",\"@id\":\"https:\\\/\\\/megamercancias.com.co\\\/juguetes\\\/producto\\\/bebes-llorones-pataletas\\\/\",\"url\":\"https:\\\/\\\/megamercancias.com.co\\\/juguetes\\\/producto\\\/bebes-llorones-pataletas\\\/\",\"name\":\"Bebes Llorones, Caminan y Hacen Pataletas -\",\"isPartOf\":{\"@id\":\"https:\\\/\\\/megamercancias.com.co\\\/juguetes\\\/#website\"},\"primaryImageOfPage\":{\"@id\":\"https:\\\/\\\/megamercancias.com.co\\\/juguetes\\\/producto\\\/bebes-llorones-pataletas\\\/#primaryimage\"},\"image\":{\"@id\":\"https:\\\/\\\/megamercancias.com.co\\\/juguetes\\\/producto\\\/bebes-llorones-pataletas\\\/#primaryimage\"},\"thumbnailUrl\":\"https:\\\/\\\/megamercancias.com.co\\\/juguetes\\\/wp-content\\\/uploads\\\/2023\\\/12\\\/Nina_bebe-pataletas3.webp\",\"datePublished\":\"2023-12-12T07:12:09+00:00\",\"dateModified\":\"2024-12-03T01:33:56+00:00\",\"description\":\"\ud83c\udf08 \u00a1Divi\u00e9rtete con la emocionante experiencia de cuidar a los bebes llorones que lloran y hacen pataletas cuando les quitas el chupo!\",\"breadcrumb\":{\"@id\":\"https:\\\/\\\/megamercancias.com.co\\\/juguetes\\\/producto\\\/bebes-llorones-pataletas\\\/#breadcrumb\"},\"inLanguage\":\"es\",\"potentialAction\":[{\"@type\":\"ReadAction\",\"target\":[\"https:\\\/\\\/megamercancias.com.co\\\/juguetes\\\/producto\\\/bebes-llorones-pataletas\\\/\"]}]},{\"@type\":\"ImageObject\",\"inLanguage\":\"es\",\"@id\":\"https:\\\/\\\/megamercancias.com.co\\\/juguetes\\\/producto\\\/bebes-llorones-pataletas\\\/#primaryimage\",\"url\":\"https:\\\/\\\/megamercancias.com.co\\\/juguetes\\\/wp-content\\\/uploads\\\/2023\\\/12\\\/Nina_bebe-pataletas3.webp\",\"contentUrl\":\"https:\\\/\\\/megamercancias.com.co\\\/juguetes\\\/wp-content\\\/uploads\\\/2023\\\/12\\\/Nina_bebe-pataletas3.webp\",\"width\":685,\"height\":613},{\"@type\":\"BreadcrumbList\",\"@id\":\"https:\\\/\\\/megamercancias.com.co\\\/juguetes\\\/producto\\\/bebes-llorones-pataletas\\\/#breadcrumb\",\"itemListElement\":[{\"@type\":\"ListItem\",\"position\":1,\"name\":\"Portada\",\"item\":\"https:\\\/\\\/megamercancias.com.co\\\/juguetes\\\/\"},{\"@type\":\"ListItem\",\"position\":2,\"name\":\"Tienda\",\"item\":\"https:\\\/\\\/megamercancias.com.co\\\/juguetes\\\/shop\\\/\"},{\"@type\":\"ListItem\",\"position\":3,\"name\":\"Bebes Llorones, Caminan y Hacen Pataletas\"}]},{\"@type\":\"WebSite\",\"@id\":\"https:\\\/\\\/megamercancias.com.co\\\/juguetes\\\/#website\",\"url\":\"https:\\\/\\\/megamercancias.com.co\\\/juguetes\\\/\",\"name\":\"Juguetes Felices\",\"description\":\"Jugueter\u00eda\",\"publisher\":{\"@id\":\"https:\\\/\\\/megamercancias.com.co\\\/juguetes\\\/#organization\"},\"potentialAction\":[{\"@type\":\"SearchAction\",\"target\":{\"@type\":\"EntryPoint\",\"urlTemplate\":\"https:\\\/\\\/megamercancias.com.co\\\/juguetes\\\/?s={search_term_string}\"},\"query-input\":{\"@type\":\"PropertyValueSpecification\",\"valueRequired\":true,\"valueName\":\"search_term_string\"}}],\"inLanguage\":\"es\"},{\"@type\":\"Organization\",\"@id\":\"https:\\\/\\\/megamercancias.com.co\\\/juguetes\\\/#organization\",\"name\":\"Megamercancias\",\"url\":\"https:\\\/\\\/megamercancias.com.co\\\/juguetes\\\/\",\"logo\":{\"@type\":\"ImageObject\",\"inLanguage\":\"es\",\"@id\":\"https:\\\/\\\/megamercancias.com.co\\\/juguetes\\\/#\\\/schema\\\/logo\\\/image\\\/\",\"url\":\"https:\\\/\\\/megamercancias.com.co\\\/juguetes\\\/wp-content\\\/uploads\\\/2023\\\/10\\\/Logo-Final.webp\",\"contentUrl\":\"https:\\\/\\\/megamercancias.com.co\\\/juguetes\\\/wp-content\\\/uploads\\\/2023\\\/10\\\/Logo-Final.webp\",\"width\":510,\"height\":250,\"caption\":\"Megamercancias\"},\"image\":{\"@id\":\"https:\\\/\\\/megamercancias.com.co\\\/juguetes\\\/#\\\/schema\\\/logo\\\/image\\\/\"},\"sameAs\":[\"https:\\\/\\\/www.facebook.com\\\/Megamercancias.com.co\\\/\",\"https:\\\/\\\/www.instagram.com\\\/naidu_megamercancias\\\/\"]}]}<\/script>\n<!-- \/ Yoast SEO plugin. -->","yoast_head_json":{"title":"Bebes Llorones, Caminan y Hacen Pataletas -","description":"\ud83c\udf08 \u00a1Divi\u00e9rtete con la emocionante experiencia de cuidar a los bebes llorones que lloran y hacen pataletas cuando les quitas el chupo!","robots":{"index":"index","follow":"follow","max-snippet":"max-snippet:-1","max-image-preview":"max-image-preview:large","max-video-preview":"max-video-preview:-1"},"canonical":"https:\/\/megamercancias.com.co\/juguetes\/producto\/bebes-llorones-pataletas\/","og_locale":"es_ES","og_type":"article","og_title":"Bebes Llorones, Caminan y Hacen Pataletas -","og_description":"\ud83c\udf08 \u00a1Divi\u00e9rtete con la emocionante experiencia de cuidar a los bebes llorones que lloran y hacen pataletas cuando les quitas el chupo!","og_url":"https:\/\/megamercancias.com.co\/juguetes\/producto\/bebes-llorones-pataletas\/","article_publisher":"https:\/\/www.facebook.com\/Megamercancias.com.co\/","article_modified_time":"2024-12-03T01:33:56+00:00","og_image":[{"width":685,"height":613,"url":"https:\/\/megamercancias.com.co\/juguetes\/wp-content\/uploads\/2023\/12\/Nina_bebe-pataletas3.webp","type":"image\/webp"}],"twitter_card":"summary_large_image","twitter_misc":{"Tiempo de lectura":"1 minuto"},"schema":{"@context":"https:\/\/schema.org","@graph":[{"@type":"WebPage","@id":"https:\/\/megamercancias.com.co\/juguetes\/producto\/bebes-llorones-pataletas\/","url":"https:\/\/megamercancias.com.co\/juguetes\/producto\/bebes-llorones-pataletas\/","name":"Bebes Llorones, Caminan y Hacen Pataletas -","isPartOf":{"@id":"https:\/\/megamercancias.com.co\/juguetes\/#website"},"primaryImageOfPage":{"@id":"https:\/\/megamercancias.com.co\/juguetes\/producto\/bebes-llorones-pataletas\/#primaryimage"},"image":{"@id":"https:\/\/megamercancias.com.co\/juguetes\/producto\/bebes-llorones-pataletas\/#primaryimage"},"thumbnailUrl":"https:\/\/megamercancias.com.co\/juguetes\/wp-content\/uploads\/2023\/12\/Nina_bebe-pataletas3.webp","datePublished":"2023-12-12T07:12:09+00:00","dateModified":"2024-12-03T01:33:56+00:00","description":"\ud83c\udf08 \u00a1Divi\u00e9rtete con la emocionante experiencia de cuidar a los bebes llorones que lloran y hacen pataletas cuando les quitas el chupo!","breadcrumb":{"@id":"https:\/\/megamercancias.com.co\/juguetes\/producto\/bebes-llorones-pataletas\/#breadcrumb"},"inLanguage":"es","potentialAction":[{"@type":"ReadAction","target":["https:\/\/megamercancias.com.co\/juguetes\/producto\/bebes-llorones-pataletas\/"]}]},{"@type":"ImageObject","inLanguage":"es","@id":"https:\/\/megamercancias.com.co\/juguetes\/producto\/bebes-llorones-pataletas\/#primaryimage","url":"https:\/\/megamercancias.com.co\/juguetes\/wp-content\/uploads\/2023\/12\/Nina_bebe-pataletas3.webp","contentUrl":"https:\/\/megamercancias.com.co\/juguetes\/wp-content\/uploads\/2023\/12\/Nina_bebe-pataletas3.webp","width":685,"height":613},{"@type":"BreadcrumbList","@id":"https:\/\/megamercancias.com.co\/juguetes\/producto\/bebes-llorones-pataletas\/#breadcrumb","itemListElement":[{"@type":"ListItem","position":1,"name":"Portada","item":"https:\/\/megamercancias.com.co\/juguetes\/"},{"@type":"ListItem","position":2,"name":"Tienda","item":"https:\/\/megamercancias.com.co\/juguetes\/shop\/"},{"@type":"ListItem","position":3,"name":"Bebes Llorones, Caminan y Hacen Pataletas"}]},{"@type":"WebSite","@id":"https:\/\/megamercancias.com.co\/juguetes\/#website","url":"https:\/\/megamercancias.com.co\/juguetes\/","name":"Juguetes Felices","description":"Jugueter\u00eda","publisher":{"@id":"https:\/\/megamercancias.com.co\/juguetes\/#organization"},"potentialAction":[{"@type":"SearchAction","target":{"@type":"EntryPoint","urlTemplate":"https:\/\/megamercancias.com.co\/juguetes\/?s={search_term_string}"},"query-input":{"@type":"PropertyValueSpecification","valueRequired":true,"valueName":"search_term_string"}}],"inLanguage":"es"},{"@type":"Organization","@id":"https:\/\/megamercancias.com.co\/juguetes\/#organization","name":"Megamercancias","url":"https:\/\/megamercancias.com.co\/juguetes\/","logo":{"@type":"ImageObject","inLanguage":"es","@id":"https:\/\/megamercancias.com.co\/juguetes\/#\/schema\/logo\/image\/","url":"https:\/\/megamercancias.com.co\/juguetes\/wp-content\/uploads\/2023\/10\/Logo-Final.webp","contentUrl":"https:\/\/megamercancias.com.co\/juguetes\/wp-content\/uploads\/2023\/10\/Logo-Final.webp","width":510,"height":250,"caption":"Megamercancias"},"image":{"@id":"https:\/\/megamercancias.com.co\/juguetes\/#\/schema\/logo\/image\/"},"sameAs":["https:\/\/www.facebook.com\/Megamercancias.com.co\/","https:\/\/www.instagram.com\/naidu_megamercancias\/"]}]}},"uagb_featured_image_src":{"full":["https:\/\/megamercancias.com.co\/juguetes\/wp-content\/uploads\/2023\/12\/Nina_bebe-pataletas3.webp",685,613,false],"thumbnail":["https:\/\/megamercancias.com.co\/juguetes\/wp-content\/uploads\/2023\/12\/Nina_bebe-pataletas3-150x150.webp",150,150,true],"medium":["https:\/\/megamercancias.com.co\/juguetes\/wp-content\/uploads\/2023\/12\/Nina_bebe-pataletas3-300x268.webp",300,268,true],"medium_large":["https:\/\/megamercancias.com.co\/juguetes\/wp-content\/uploads\/2023\/12\/Nina_bebe-pataletas3.webp",685,613,false],"large":["https:\/\/megamercancias.com.co\/juguetes\/wp-content\/uploads\/2023\/12\/Nina_bebe-pataletas3.webp",685,613,false],"1536x1536":["https:\/\/megamercancias.com.co\/juguetes\/wp-content\/uploads\/2023\/12\/Nina_bebe-pataletas3.webp",685,613,false],"2048x2048":["https:\/\/megamercancias.com.co\/juguetes\/wp-content\/uploads\/2023\/12\/Nina_bebe-pataletas3.webp",685,613,false],"widget-thumbnail":["https:\/\/megamercancias.com.co\/juguetes\/wp-content\/uploads\/2023\/12\/Nina_bebe-pataletas3.webp",75,67,false],"woocommerce_thumbnail":["https:\/\/megamercancias.com.co\/juguetes\/wp-content\/uploads\/2023\/12\/Nina_bebe-pataletas3-300x300.webp",300,300,true],"woocommerce_single":["https:\/\/megamercancias.com.co\/juguetes\/wp-content\/uploads\/2023\/12\/Nina_bebe-pataletas3-600x537.webp",600,537,true],"woocommerce_gallery_thumbnail":["https:\/\/megamercancias.com.co\/juguetes\/wp-content\/uploads\/2023\/12\/Nina_bebe-pataletas3-100x100.webp",100,100,true],"dgwt-wcas-product-suggestion":["https:\/\/megamercancias.com.co\/juguetes\/wp-content\/uploads\/2023\/12\/Nina_bebe-pataletas3-64x57.webp",64,57,true]},"uagb_author_info":{"display_name":"Megamercanc\u00edas","author_link":"https:\/\/megamercancias.com.co\/juguetes\/author\/"},"uagb_comment_info":0,"uagb_excerpt":"\u00a1Descubre la magia de la ternura con nuestros incre\u00edbles Mu\u00f1ecos Llorones! \ud83d\udc76\u2728 \ud83c\udf08 \u00a1Divi\u00e9rtete con la emocionante experiencia de cuidar a tus nuevos amiguitos que lloran y hacen pataletas cuando les quitas el chupo! Pero no te preocupes, basta con ponerles de nuevo el chupo y se calmar\u00e1n al instante. \u00a1Una experiencia realista y llena&hellip;","_links":{"self":[{"href":"https:\/\/megamercancias.com.co\/juguetes\/wp-json\/wp\/v2\/product\/1777","targetHints":{"allow":["GET"]}}],"collection":[{"href":"https:\/\/megamercancias.com.co\/juguetes\/wp-json\/wp\/v2\/product"}],"about":[{"href":"https:\/\/megamercancias.com.co\/juguetes\/wp-json\/wp\/v2\/types\/product"}],"wp:featuredmedia":[{"embeddable":true,"href":"https:\/\/megamercancias.com.co\/juguetes\/wp-json\/wp\/v2\/media\/2016"}],"wp:attachment":[{"href":"https:\/\/megamercancias.com.co\/juguetes\/wp-json\/wp\/v2\/media?parent=1777"}],"wp:term":[{"taxonomy":"product_brand","embeddable":true,"href":"https:\/\/megamercancias.com.co\/juguetes\/wp-json\/wp\/v2\/product_brand?post=1777"},{"taxonomy":"product_cat","embeddable":true,"href":"https:\/\/megamercancias.com.co\/juguetes\/wp-json\/wp\/v2\/product_cat?post=1777"},{"taxonomy":"product_tag","embeddable":true,"href":"https:\/\/megamercancias.com.co\/juguetes\/wp-json\/wp\/v2\/product_tag?post=1777"}],"curies":[{"name":"wp","href":"https:\/\/api.w.org\/{rel}","templated":true}]}}